git of 1866353915?
9
What is the hundred thousands digit of 4254932720?
9
What is the hundreds digit of 494654101?
1
What is the thousands digit of 2994843381?
3
What is the hundreds digit of 66144371?
3
What is the units digit of 54839347?
7
What is the hundred millions digit of 1012005601?
0
What is the thousands digit of 1320856223?
6
What is the units digit of 4419269042?
2
What is the thousands digit of 3007754009?
4
What is the millions digit of 20480402?
0
What is the units digit of 49748706?
6
What is the millions digit of 101720718?
1
What is the ten thousands digit of 981666?
8
What is the hundreds digit of 71931951?
9
What is the hundred millions digit of 5710907356?
7
What is the hundreds digit of 907241466?
4
What is the units digit of 27433260?
0
What is the ten millions digit of 3148839987?
4
What is the millions digit of 1946017988?
6
What is the millions digit of 2644844805?
4
What is the hundred thousands digit of 296874417?
8
What is the millions digit of 100388756?
0
What is the hundred millions digit of 7346743865?
3
What is the thousands digit of 64684957?
4
What is the ten millions digit of 1269355124?
6
What is the hundreds digit of 247570827?
8
What is the millions digit of 40628457?
0
What is the hundred thousands digit of 90858029?
8
What is the tens digit of 251369129?
2
What is the tens digit of 58563287?
8
What is the millions digit of 14196350?
4
What is the ten thousands digit of 5469145664?
4
What is the thousands digit of 294596075?
6
What is the units digit of 76889465?
5
What is the hundred thousands digit of 221106641?
1
What is the thousands digit of 212320086?
0
What is the hundred thousands digit of 25832591?
8
What is the hundred millions digit of 381116367?
3
What is the tens digit of 1959911621?
2
What is the ten thousands digit of 1790746557?
4
What is the units digit of 675941469?
9
What is the tens digit of 499431660?
6
What is the billions digit of 1840529659?
1
What is the ten thousands digit of 4133993070?
9
What is the tens digit of 2556704601?
0
What is the ten millions digit of 3041749118?
4
What is the units digit of 916165272?
2
What is the millions digit of 3779800451?
9
What is the ten thousands digit of 70698999?
9
What is the ten millions digit of 2837256227?
3
What is the units digit of 3914531303?
3
What is the units digit of 796172521?
1
What is the thousands digit of 87008866?
8
What is the ten thousands digit of 532268318?
6
What is the thousands digit of 592403167?
3
What is the ten thousands digit of 81291463?
9
What is the ten thousands digit of 13493851?
9
What is the millions digit of 217122641?
7
What is the ten thousands digit of 650452400?
5
What is the ten millions digit of 11570533?
1
What is the millions digit of 4448772445?
8
What is the ten millions digit of 22858425?
2
What is the units digit of 747367097?
7
What is the hundreds digit of 301890460?
4
What is the units digit of 72624774?
4
What is the hundred thousands digit of 299152367?
1
What is the thousands digit of 5029646?
9
What is the units digit of 39192546?
6
What is the ten thousands digit of 757082371?
8
What is the millions digit of 236363416?
6
What is the hundred millions digit of 3881835748?
8
What is the thousands digit of 1437241876?
1
What is the hundred millions digit of 1938384411?
9
What is the tens digit of 844769793?
9
What is the ten millions digit of 28581905?
2
What is the ten thousands digit of 379046161?
4
What is the hundreds digit of 2243885878?
8
What is the units digit of 27851574?
4
What is the ten thousands digit of 1660731924?
3
What is the ten thousands digit of 51270859?
7
What is the hundreds digit of 3545245759?
7
What is the ten millions digit of 746713739?
4
What is the hundreds digit of 303015593?
5
What is the ten thousands digit of 806175878?
7
What is the billions digit of 3144630055?
3
What is the tens digit of 3924066?
6
What is the hundred thousands digit of 27093485?
0
What is the hundred thousands digit of 11725131?
7
What is the ten thousands digit of 7165880195?
8
What is the thousands digit of 113020601?
0
What is the hundred thousands digit of 140333148?
3
What is the tens digit of 1305502782?
8
What is the hundreds digit of 164075894?
8
What is the ten millions digit of 99670470?
9
What is the ten millions digit of 618097299?
1
What is the hundred thousands digit of 275326076?
3
What is the hundred thousands digit of 94986423?
9
What is the ten millions digit of 428386635?
2
What is the millions digit of 32622559?
2
What is the ten millions digit of 23228973?
2
What is the ten millions digit of 2238483113?
3
What is the hundreds digit of 173374696?
6
What is the hundreds digit of 364028133?
1
What is the billions digit of 4043102138?
4
What is the hundred thousands digit of 30169299?
1
What is the hundreds digit of 278446355?
3
What is the ten thousands digit of 2581861048?
6
What is the thousands digit of 31447964?
7
What is the ten thousands digit of 565136966?
3
What is the tens digit of 12211195?
9
What is the ten thousands digit of 1282751799?
5
What is the hundred thousands digit of 793385990?
3
What is the tens digit of 985361533?
3
What is the hundred millions digit of 833203239?
8
What is the hundreds digit of 102597970?
9
What is the ten thousands digit of 294810584?
1
What is the ten millions digit of 10219928?
1
What is the millions digit of 4966540919?
6
What is the millions digit of 78613908?
8
What is the tens digit of 31345452?
5
What is the hundred thousands digit of 69560676?
5
What is the hundred thousands digit of 46504512?
5
What is the units digit of 25747106?
6
What is the hundred thousands digit of 857617113?
6
What is the hundred thousands digit of 13026699?
0
What is the hundreds digit of 64878830?
8
What is the units digit of 94410385?
5
What is the millions digit of 1033967818?
3
What is the tens digit of 1542006643?
4
What is the hundred thousands digit of 601580998?
5
What is the tens digit of 314022260?
6
What is the hundred millions digit of 4713913497?
7
What is the hundreds digit of 752933616?
6
What is the ten thousands digit of 222004083?
0
What is the hundred thousands digit of 5135449?
1
What is the thousands digit of 989973746?
3
What is the units digit of 2815431745?
5
What is the hundred thousands digit of 1702736615?
7
What is the millions digit of 894221275?
4
What is the units digit of 1469966957?
7
What is the hundreds digit of 390357322?
3
What is the units digit of 167313856?
6
What is the tens digit of 64950754?
5
What is the billions digit of 1590330812?
1
What is the hundred thousands digit of 90997947?
9
What is the ten thousands digit of 1515724404?
2
What is the billions digit of 1169204698?
1
What is the units digit of 13396128?
8
What is the billions digit of 4252868381?
4
What is the hundreds digit of 5100746245?
2
What is the units digit of 71825897?
7
What is the hundreds digit of 3141255257?
2
What is the hundreds digit of 405758995?
9
What is the tens digit of 1429905291?
9
What is the hundred millions digit of 603217702?
6
What is the units digit of 9097321?
1
What is the tens digit of 4143872464?
6
What is the units digit of 589234837?
7
What is the ten thousands digit of 113408086?
0
What is the tens digit of 160703962?
6
What is the hundred millions digit of 463155826?
4
What is the tens digit of 76228218?
1
What is the units digit of 213057792?
2
What is the units digit of 5767944912?
2
What is the units digit of 24364170?
0
What is the ten millions digit of 115560868?
1
What is the hundred millions digit of 322559470?
3
What is the tens digit of 9383704?
0
What is the ten millions digit of 393611386?
9
What is the ten millions digit of 30159385?
3
What is the tens digit of 1621675331?
3
What is the hundred thousands digit of 126647649?
6
What is the hundreds digit of 44886545?
5
What is the units digit of 4107581?
1
What is the ten thousands digit of 126805614?
0
What is the ten thousands digit of 11574025?
7
What is the ten thousands digit of 3754832?
5
What is the units digit of 295438509?
9
What is the hundreds digit of 37604166?
1
What is the hundred thousands digit of 1693433595?
4
What is the hundred millions digit of 356485501?
3
What is the thousands digit of 47444149?
4
What is the hu